 x is divided by k(-228)?
10
Suppose -2*g + 972 = -2*d, -d = 2*g + 3*g - 2448. Calculate the remainder when g is divided by 100.
89
Suppose 36 - 15 = 7*q. Suppose -q*k + 4*k - 11 = 0. What is the remainder when 173 is divided by k?
8
What is the remainder when (43764/60)/(12/(-300)*-5) is divided by 1215?
2
Suppose j = 2 - 7, j = 5*d - 5. Suppose -11*q + 211 - 123 = d. Calculate the remainder when 27 is divided by q.
3
Let s(i) = 11*i - 5. Let d be s(1). Suppose 0 = d*n - 12 + 24. What is the remainder when 11 is divided by (2/4)/(n/(-28))?
4
Suppose 27*x = 7*x + 880. Suppose 72 = -3*c + u, 2*c + 3*c = -5*u - 120. Let m = x + c. What is the remainder when 37 is divided by m?
17
Suppose 84279 = 4*s - 12953. What is the remainder when s is divided by 111?
110
Suppose 2*p - 298 = -4*c, 2*c + 2*p = -124 + 268. What is the remainder when 245 is divided by c?
14
Let i = -3267 - -3455. What is the remainder when i is divided by 51?
35
Let v(y) be the second derivative of 5*y**2 + 0 + 19*y - 11/3*y**3. Calculate the remainder when v(-3) is divided by 13.
11
Let k(b) = 9*b - 121. Suppose 4*s - 30 = 2*s. Calculate the remainder when k(s) is divided by 3.
2
Let b = -4722 + 4747. Calculate the remainder when 414 is divided by b.
14
Let w(p) = -p**3 + 10*p**2 + 57*p + 26. Let s be w(16). Let x = -574 - s. Calculate the remainder when 71 is divided by x.
23
Suppose 3550*i - 389 = 3547*i + h, -h = -i + 127. Calculate the remainder when i is divided by -3*(46/(-3) + 0).
39
Let n = -2193 - -2754. What is the remainder when n is divided by 198?
165
Suppose 4*u - 5*u = -14. Suppose u*f = -205 + 1353. Let i(z) = -z**2 - 12*z + 3. Calculate the remainder when f is divided by i(-11).
12
Let y = -306 + 311. Suppose -y*d + 92 = 12. Calculate the remainder when 79 is divided by d.
15
Let m(t) = -29*t**3 - 2*t**2 + 68*t + 386. What is the remainder when m(-7) is divided by 20?
19
Let m(z) = z**3 + 26*z**2 - 26*z + 55. Suppose 9*f + 11 = 29. Suppose 3*u = -3*a + 2*a - 21, -5*u = -f*a - 64. What is the remainder when m(a) is divided by 6?
4
Let w(t) = -52*t - 1965. What is the remainder when w(-41) is divided by 74?
19
Suppose -2 - 10 = 3*p, l - 17 = 3*p. Suppose l*q - q = 232. Calculate the remainder when q is divided by 15.
13
Suppose -255*n + 16868 = -6337. Calculate the remainder when n is divided by 50.
41
Let i = -4584 - -4641. Calculate the remainder when 229 is divided by i.
1
Let l(r) = r + 1. Let s be l(-22). Let g(v) = -v**3 - 21*v**2 - 3*v - 5. What is the remainder when g(s) is divided by 17?
7
Let c = 1002 + -992. What is the remainder when 628 is divided by c?
8
Let p = -64 + -27. Let k be -24 + -1 - (7 - -5)/6. Let r = k - p. What is the remainder when r is divided by 22?
20
Let x = -99 + 172. Suppose -x = -3*n + 2*q, 4*n + 0*n = 5*q + 109. Let o(z) = 18*z + 12. What is the remainder when o(5) is divided by n?
18
Let c = 823 + -802. Let g(i) = i + 20. Let s be g(-16). What is the remainder when c is divided by -4*(s/2 + -4)?
5
Let f(o) = o**2 + 8*o + 31. Let w be 12/3 + 20 + -4. Suppose -3*x = a - 31 - 3, -w = -x + 4*a. What is the remainder when f(-6) is divided by x?
7
Suppose -1074*h + 175 = -1069*h. Suppose 33 + 94 = z - 2*p, 2*z - 258 = 3*p. What is the remainder when z is divided by h?
30
Let s = -499 + 2654. Suppose 9*c - s = -283. Suppose 2*y - 3*u = 111, 5*y - 3*u - 92 - c = 0. Calculate the remainder when y is divided by 17.
12
Suppose 652 = 26*a + 54. Suppose 260 + 39 = a*z. Calculate the remainder when 284 is divided by z.
11
What is the remainder when 8 - (-3033 - (4 + -16)) is divided by 101?
100
Suppose 2*r + 4*d = 88, 2*r - r - 44 = -d. What is the remainder when r is divided by ((-675)/100)/(15/(-20))?
8
Let a be 4/(-6*(-1)/3) + 52. Let x be 86/18 - ((-24)/a)/2. Suppose -5*m = -0*f + 5*f - 115, -46 = -2*m + x*f. What is the remainder when m is divided by 12?
11
Suppose 5*v + h = 620, -3*h + 132 = 3*v - 252. Calculate the remainder when 885 is divided by v.
24
Suppose 4*d + 28 = x, -x - 19*d + 20 = -21*d. Suppose -m = -x*m + 1309. Calculate the remainder when m is divided by 31.
26
Let r(w) = -44*w + 71. Let k(b) = 65*b - 106. Let j(i) = 5*k(i) + 7*r(i). Let l be j(7). Let x = l - 59. Calculate the remainder when 107 is divided by x.
26
Let u(x) = -x**3 - 5*x**2 - 3*x - 4. What is the remainder when 194 is divided by u(-5)?
7
Let i = 16 - 14. Suppose -12 = -4*f - i*y + 38, -y = f - 15. Suppose t - f = -0*t - 5*l, 0 = t + 2*l - 13. Calculate the remainder when 58 is divided by t.
13
Suppose -s = -5*y - 93, -2*s + y + 159 = -63. What is the remainder when s is divided by 29?
26
Suppose -4*s = -5*x + s + 895, -5*s - 10 = 0. Let v(f) = 29*f + 1. Calculate the remainder when x is divided by v(1).
27
Let t be (128/(-96))/(8/90). Calculate the remainder when 33 is divided by (170/t)/(-1*2/3).
16
Suppose -2*s - 8 = -4*t, -5*t + 3*t = -3*s - 20. Calculate the remainder when 21/14 - (324/s + 3) is divided by 13.
0
Calculate the remainder when (-302 + 0)/((0 - -7) + (-90)/12) is divided by 242.
120
Let v = 27488 + -15958. Calculate the remainder when v is divided by 186.
184
Suppose -59*o + 3195 = 12*o. Calculate the remainder when 2112 is divided by o.
42
Let a(x) = x**2 - x + 343. Calculate the remainder when a(-25) is divided by 83.
80
Let p(x) = 5*x + 18. Let i = 68 - 61. Let t = -150 - -176. Calculate the remainder when p(i) is divided by t.
1
Let s(r) = -r**2 + 19*r + 16. Let y(q) = -q + 21. Let u be y(16). Suppose -o + u*o = 56. Calculate the remainder when s(o) is divided by 22.
20
Suppose 154 = -5*o - v - 15, -v + 128 = -4*o. Let y = 64 + o. Suppose 22*a = 18*a + 36. What is the remainder when y is divided by a?
4
Let q = -33 - -33. Let a(n) = -2*n**3 - n**2 - 3*n + 4052. Let g be a(q). What is the remainder when 6/(-33) - 0 - g/(-22) is divided by 37?
36
Let l(u) = 20*u + 4764. Calculate the remainder when l(-14) is divided by 3.
2
Suppose -13*w + 12*w = 3. Let g be (3 - (-13)/6) + w/18. Suppose -b - 5*q = -66, 2*b = -3*b - g*q + 250. What is the remainder when b is divided by 12?
10
Suppose -11*u = 4*z - 8*u - 726, 0 = 4*z - 3*u - 714. Calculate the remainder when 256 is divided by z.
76
Let a = -1175 + 1763. Let i = 362708 - 362689. What is the remainder when a is divided by i?
18
Suppose 0 = -6*v + 212 + 1318. What is the remainder when v is divided by 26?
21
Let c = -638 + 583. What is the remainder when (-5093)/c + 3/(-5) is divided by 29?
5
Let h(y) = 814*y**2 + 66*y - 370. Calculate the remainder when h(4) is divided by 18.
12
Suppose 0 = -4*o + 3*t + 49, 4*o + 37*t - 35*t - 94 = 0. Suppose -z - 41 = -4*b, -b - z = z - 8. What is the remainder when o is divided by b?
9
Let w(s) = 1808*s - 10837. Suppose 2*x - 29 = x - 5*a, x - a + 1 = 0. What is the remainder when w(6) is divided by x?
3
Suppose t + 27*r = 22*r + 85, 0 = t + 4*r - 91. What is the remainder when t is divided by 70?
45
Let b(c) = -2*c**3 + 16*c**2 - 198*c + 1618. Let y = 315 - 184. What is the remainder when y is divided by b(8)?
29
Suppose 181 - 530 = -4*o + 5*p, -o + 88 = -p. Calculate the remainder when 634 is divided by o.
88
Let r = -7 + 96. Let t be 905/(-20) + (-2)/(-8). What is the remainder when r is divided by ((-52)/65)/(2/t)?
17
Suppose -8*r = -56 - 0. Let u(z) = 2*z**2 - 5*z - 9. Let y(f) = f**2 - 3*f - 4. Let k(w) = 6*u(w) - 13*y(w). What is the remainder when 35 is divided by k(r)?
11
Let c(n) = 7*n**3 - 3*n**2 + 2*n. Let h be 6/4 + 1/2. Let j be c(h). Calculate the remainder when 4/((-22)/(-11) + j/(-26)) is divided by 14.
12
Suppose -35*u - 128 + 117 + 536 = 0. Calculate the remainder when 132 is divided by u.
12
Suppose -871*i + 879*i = 264. Let s be (33/(-3))/(1 + -2). Let k = s + -2. Calculate the remainder when i is divided by k.
6
Suppose 89*j - 3618 - 299 = 2135. Let p(q) = 65*q + 1. What is the remainder when p(2) is divided by j?
63
Suppose -5*m - g + 1253 = 0, 6*g + 96 - 837 = -3*m. Suppose 2*p - 5*v - 14 = p, 2*p + 5*v = 13. Calculate the remainder when m is divided by p.
8
Let x(y) = 33 + 191*y - 49*y - 54*y - 68*y. What is the remainder when 179 is divided by x(-1)?
10
Let p(h) = 16*h - 292. Let c be p(19). Suppose -11*y - c = -144. Calculate the remainder when 0 + 3/(6/40) is divided by y.
8
Suppose p - 3*x = 4 - 0, 4*p + 5*x = -1. Ca